{"id":155,"date":"2021-04-28T16:10:52","date_gmt":"2021-04-28T16:10:52","guid":{"rendered":"https:\/\/www.salvarchirasoria.com\/?page_id=155"},"modified":"2023-01-18T23:07:48","modified_gmt":"2023-01-18T23:07:48","slug":"colectivos-en-la-plataforma","status":"publish","type":"page","link":"https:\/\/www.salvarchirasoria.com\/index.php\/colectivos-en-la-plataforma\/","title":{"rendered":"COLABORAN CON LA PLATAFORMA"},"content":{"rendered":"\n<p><strong>L@S QUE APOYAN LAS ACCIONES Y DISTINTAS MANIFESTACIONES DE LA PLATAFORMA<\/strong><\/p>\n\n\n\n<ol class=\"has-medium-font-size wp-block-list\"><li><a href=\"https:\/\/www.facebook.com\/123agonane\/\" target=\"_blank\" rel=\"noreferrer noopener\">Agonane<\/a> <strong>(FUERTEVENTURA)<\/strong>.<\/li><li><a href=\"http:\/\/www.benmagec.org\/elguincho\/\" target=\"_blank\" rel=\"noreferrer noopener\">El Guincho<\/a> <strong>(LANZAROTE<\/strong>).<\/li><li><a href=\"https:\/\/www.facebook.com\/ppf.canarias\/\" target=\"_blank\" rel=\"noreferrer noopener\">Parents for Future Canarias<\/a> <strong>(CANARIAS)<\/strong>.\u00a0<\/li><li><a href=\"https:\/\/www.verdes.es\/\">Confederaci\u00f3n de Los Verdes<\/a> <strong>(ESPA\u00d1A)<\/strong>. <\/li><li><a href=\"https:\/\/es-es.facebook.com\/aavv.tauroplaya\/\" target=\"_blank\" rel=\"noreferrer noopener\">Asociaci\u00f3n de Vecinos de Tauro y Playa de Tauro<\/a> <strong>(GRAN CANARIA)<\/strong>.\u00a0<\/li><li><a href=\"https:\/\/www.facebook.com\/aniscan.naturismo\" target=\"_blank\" rel=\"noreferrer noopener\">Asociaci\u00f3n Naturista de las Islas Canarias<\/a> <strong>(GRAN CANARIA)<\/strong>.<\/li><li><a href=\"https:\/\/es-es.facebook.com\/pages\/category\/Organization\/Asociaci%C3%B3n-Cultural-Pueblo-MAHO-103179810032540\/\" target=\"_blank\" rel=\"noreferrer noopener\">Asociaci\u00f3n Cultural Pueblo MAHO<\/a> <strong>(LANZAROTE)<\/strong>.\u00a0<\/li><li><a href=\"https:\/\/www.facebook.com\/El-Legado-Cultura-y-Patrimonio-1579339049026288\/photos\/\">El Legado: Cultura y Patrimonio<\/a> <strong>(GRAN CANARIA)<\/strong>.<\/li><li><a href=\"https:\/\/www.facebook.com\/El-legado-de-los-antiguos-canarios-103702078777858\/?paipv=0&amp;eav=AfbZjw-0On3MvqyTEde2f2T3jHyooD6ZtZA3yPLycKCMOKENuwJrv8V3z2QlPq9Q5Ns&amp;_rdr\">El Legado de los Antiguos Canarios<\/a><strong> (GRAN CANARIA)<\/strong>.<\/li><li><a href=\"https:\/\/www.facebook.com\/legadocanario\/\" target=\"_blank\" rel=\"noreferrer noopener\">Asociaci\u00f3n Cultural Legado Canario<\/a> <strong>(GRAN CANARIA)<\/strong>.\u00a0<\/li><li>Asociaci\u00f3n de Pescadores de Agua Dulce.<\/li><li><a href=\"https:\/\/www.facebook.com\/AhulJAC\/\" target=\"_blank\" rel=\"noreferrer noopener\">Ahul!-Juventudes &#8211; Ahora Canarias<\/a> <strong>(CANARIAS)<\/strong>.<\/li><li>Asociaci\u00f3n Maga Ecologista.\u00a0<\/li><li><a href=\"https:\/\/www.facebook.com\/groups\/208480802517627\/\" target=\"_blank\" rel=\"noreferrer noopener\">Asociaci\u00f3n Gran Canaria Naturista<\/a> <strong>(GRAN CANARIA)<\/strong>.\u00a0<\/li><li><a href=\"http:\/\/anudiscan.blogspot.com\/\" target=\"_blank\" rel=\"noreferrer noopener\">Asociaci\u00f3n Nudista de Canarias<\/a> (ANUDISCAN).<\/li><li>Asociaci\u00f3n amigos de Gran Canaria (AMIGRACA).\u00a0<\/li><li><a href=\"https:\/\/www.asociate.es\/canarias\/las-palmas-de-gran-canaria\/de-bicicletas-20-pulgadas-gran-canaria\/\">Asociaci\u00f3n de Bicis de 20&#8243; de Gran Canaria<\/a>.\u00a0<\/li><li><a href=\"https:\/\/www.facebook.com\/olgacerpagarcia\" target=\"_blank\" rel=\"noreferrer noopener\">Olga Cerpa y Mestisay<\/a>.\u00a0<\/li><li><a href=\"https:\/\/es-es.facebook.com\/veredasAtauro\/\" target=\"_blank\" rel=\"noreferrer noopener\">Club Veredas Atauro<\/a>.\u00a0<\/li><li><a href=\"https:\/\/www.asociate.es\/canarias\/las-palmas-de-gran-canaria\/propietarios-residentes-y-usuarios-de-la-darsena-de-embarcaciones-menores-p-r-u-d-e-m\/\">Asociaci\u00f3n de Usuarios del Muelle Deportivo de Las Palmas<\/a> (PRUDEM).\u00a0<\/li><li><a href=\"https:\/\/intersindicalcanaria.org\/\" target=\"_blank\" rel=\"noreferrer noopener\">Intersindical Canaria<\/a> (Canarias).<\/li><li><a href=\"https:\/\/www.facebook.com\/VerdesEquoCanarias\/\" target=\"_blank\" rel=\"noreferrer noopener\">EQUO-Canarias<\/a>.<\/li><li><a href=\"https:\/\/www.facebook.com\/profile.php?id=100033665713848\">Asociaci\u00f3n Cultural Ajey Rock<\/a>.<\/li><li><a href=\"https:\/\/www.youtube.com\/channel\/UCmo6QzFpmDb13apWL7bjWDg\">Ajey Televisi\u00f3n<\/a>.<\/li><li>Asociaci\u00f3n Socio-Cultural Tamusni\u00a0(Tenerife).<\/li><li><a href=\"https:\/\/www.asociate.es\/canarias\/santa-cruz-de-tenerife\/centro-de-estudios-imazighen-de-canarias-tamusni\/\">Centro de Estudios Imazighen de Canarias Tamusni<\/a> (Tenerife).<\/li><li>Agrupaci\u00f3n Folcl\u00f3rica de Ag\u00fcimes.\u00a0<\/li><li><a href=\"https:\/\/es-es.facebook.com\/pg\/Asociaci%C3%B3n-Ecologista-Ossinissa-291269627664611\/posts\/\" target=\"_blank\" rel=\"noreferrer noopener\">Asociaci\u00f3n Ecologista Ossinissa<\/a> (El Hierro).<\/li><li><a href=\"https:\/\/es-es.facebook.com\/Haytukatanaha\" target=\"_blank\" rel=\"noreferrer noopener\">Asociaci\u00f3n Ambiental Hay Tu Katanah\u00e1<\/a>.<\/li><li><a href=\"https:\/\/www.facebook.com\/parranda.guayajares\">Asociaci\u00f3n Cultural Guayajares Barranquillo Andr\u00e9s y Soria<\/a>.<\/li><li><a href=\"https:\/\/www.facebook.com\/AhulAccionTajinaste\/\">Acci\u00f3n Tajinaste<\/a>.<\/li><li><a href=\"https:\/\/www.facebook.com\/MoncayoNoRebla\/\">Moncayo NO Rebla<\/a>.<\/li><li><a href=\"https:\/\/mobile.twitter.com\/plat_t_ecojusta\">Plataforma Ciudadana Para Una Transici\u00f3n Ecol\u00f3gica Justa<\/a>.<\/li><li><a href=\"https:\/\/www.facebook.com\/Tagenza\">Asociaci\u00f3n Cultural Tagenza<\/a>.<\/li><li><a href=\"http:\/\/www.azartaknara.org\/inicio.html\">Asociaci\u00f3n Canaria de la Cultura Amazigh \u00abAZAR\u00bb<\/a>.<\/li><li><a href=\"https:\/\/www.facebook.com\/RSanBorondon\/\">Radio San Borond\u00f3n<\/a>.<\/li><li><a href=\"https:\/\/www.facebook.com\/respetoalosarbolesdelaorotava\/\">Mesa del \u00c1rbol de la Orotava<\/a>.<\/li><li><a href=\"https:\/\/www.facebook.com\/groups\/1095305403903128\/\">Radio Tinamar<\/a>.<\/li><li><a href=\"https:\/\/www.facebook.com\/Comercio.Amazigh\/\">Comercio Mundial Amazigh<\/a> (CMA).<\/li><li><a href=\"https:\/\/www.facebook.com\/volcanarii\/\">Volcanarii. Protejamos paisaje y patrimonio isle\u00f1o<\/a>.<\/li><li><a href=\"http:\/\/www.centrodelacultura.com\/\">Centro de la Cultura Popular Canaria<\/a>.<\/li><li><a href=\"https:\/\/www.facebook.com\/Asociaci%C3%B3n-Cultural-Auchones-Libres-de-Canarias-163999903627528\/\">Asociaci\u00f3n Cultural Auchones Libres de Canarias<\/a>.<\/li><li><a href=\"https:\/\/www.cafebreriatifinagh.org\/\">Cafebrer\u00eda Tifinagh<\/a>.<\/li><li><a href=\"https:\/\/www.ivoox.com\/podcast-navegando-verde_sq_f1115836_1.html\">\u00abNavegando en verde\u00bb Radio Guiniguada<\/a>.<\/li><li><a href=\"https:\/\/www.facebook.com\/BioagaeteCulturalSolidario\/\">Asociacion Bio@gaete Cultural Solidario<\/a>.<\/li><li><a href=\"https:\/\/www.facebook.com\/Salvarelcotillo\">Plataforma Ciudadana Salvar El Cotillo<\/a>.<\/li><li><a href=\"https:\/\/www.facebook.com\/Asamblea-Popular-de-Fuerteventura-106245301186863\/\" target=\"_blank\" rel=\"noreferrer noopener\">Asamblea Popular de Fuerteventura<\/a>.<\/li><li><a href=\"https:\/\/www.facebook.com\/nuevomodeloenergetico\/\" target=\"_blank\" rel=\"noreferrer noopener\">Plataforma por Un Modelo Energ\u00e9tico<\/a>.<\/li><li><a href=\"https:\/\/fuerteventurasostenible.com\/\">Asociaci\u00f3n Fuerteventura Sostenible<\/a>.<\/li><li><a href=\"https:\/\/www.asociate.es\/canarias\/la-oliva\/cultural-sos-malpey\/\">S.O.S. Malpey<\/a>.<\/li><li><a href=\"https:\/\/www.asociate.es\/canarias\/puerto-del-rosario\/de-vecinos-el-time-limpio-y-sostenible\/\">Asociaci\u00f3n de Vecinos El Time Limpio y Sostenible<\/a>.<\/li><li><a href=\"https:\/\/www.facebook.com\/Coordinadora-Monta%C3%B1a-Tindaya-1015374925200113\/\" target=\"_blank\" rel=\"noreferrer noopener\">Coordinadora Monta\u00f1a Tindaya<\/a>.<\/li><li><a href=\"https:\/\/www.facebook.com\/groups\/234144556615202\" target=\"_blank\" rel=\"noreferrer noopener\">Ciudadanos Solidarios en Acci\u00f3n<\/a> (CSEA).<\/li><li><a href=\"https:\/\/www.facebook.com\/salvarlatejita.org\/\" target=\"_blank\" rel=\"noreferrer noopener\">Salvar La Tejita<\/a>.<\/li><li><a href=\"https:\/\/www.youtube.com\/channel\/UCdlZ44uX12YlRt_KGnQlPCQ\" target=\"_blank\" rel=\"noreferrer noopener\">Ciudadanos Cabreados<\/a>.<\/li><li><a href=\"https:\/\/www.facebook.com\/groups\/199811274082902\/\">Recuperar el Barranco de la Mina<\/a>.<\/li><li><a href=\"https:\/\/www.facebook.com\/groups\/1139099876840227\/\">S.O.S. Tuineje<\/a>.<\/li><li><a href=\"https:\/\/www.youtube.com\/channel\/UClsRNaOoZnQLU3h37DAMx8A?app=desktop\">S.O.S. Fuerteventura<\/a>.<\/li><li><a href=\"https:\/\/www.facebook.com\/azal.belkadi\">Azal Belkadi<\/a>.<\/li><li><a href=\"https:\/\/www.youtube.com\/c\/ConociendoLoNuestroGranCanaria\">Conociendo lo nuestro<\/a>.<\/li><li><a href=\"http:\/\/tamazgha.fr\/\">O.N.G. Tamazgha.fr<\/a> \/ <a href=\"https:\/\/www.facebook.com\/Tamazgha.TV\/?sk=notes\">Tamazgha TV<\/a>.<\/li><li><a href=\"https:\/\/www.facebook.com\/profile.php?id=100064052286681\">Canarian Culture Proyect<\/a>.<\/li><li><a href=\"https:\/\/twitter.com\/acampadad\">Acampada reivindicativa, vivienda digna Canarias<\/a>.<\/li><li><a href=\"https:\/\/www.facebook.com\/teguico\/\">Asociaci\u00f3n Patrimonial Teg\u00fcico<\/a>.<\/li><li><a href=\"https:\/\/m.facebook.com\/Uni%C3%B3n-de-Asociaciones-de-la-Reserva-de-la-Biosfera-de-Gran-Canaria-630984663682665\/\">Uni\u00f3n de Asociaciones de la Reserva de la Biosfera de Gran Canaria<\/a>. <\/li><li><a href=\"https:\/\/www.facebook.com\/lasoRorasubVersiva\/\">la SoRora SubVersiva &#8211; Tamboras Feministas<\/a>.<\/li><li><a href=\"https:\/\/www.facebook.com\/Lucha-Ecol%C3%B3gica-Canaria-Group-102055864563187\/\">Lucha Ecol\u00f3gica Canaria Group<\/a>.<\/li><li><a href=\"https:\/\/www.facebook.com\/Terramaremedioambiente\/\">Asociaci\u00f3n Medioambiental Terramare<\/a>.<\/li><li>Salvar Las Charcas de San Lorenzo.<\/li><li><a href=\"https:\/\/twitter.com\/CanariasEnBrega\">Canarias en La Brega<\/a>.<\/li><li><a href=\"https:\/\/www.facebook.com\/porladescolonizacion\/\">Hijos de Canarias<\/a>.<\/li><li><a href=\"https:\/\/www.facebook.com\/plataformalossilos\/\">Plataforma Los Silos &#8211; Isla Baja<\/a>.<\/li><li><a href=\"https:\/\/www.facebook.com\/efequen\/\">Asociaci\u00f3n Patrimonial El Efequ\u00e9n<\/a>.<\/li><li><a href=\"https:\/\/www.facebook.com\/asamblea.dnt\/\">Asamblea en Defensa de Nuestra Tierra<\/a> (ADNT).<\/li><li><a href=\"https:\/\/comunitatujixplaneta.uji.es\/\">Comunitat UJI x Planeta<\/a> &#8211; <a href=\"https:\/\/mobile.twitter.com\/ujixplaneta\">Rebel-li\u00f3 Cient\u00edfica CS<\/a>.<\/li><li>Rebeli\u00f3n Cient\u00edfica Canarias.<\/li><li><a href=\"https:\/\/www.facebook.com\/profile.php?id=100072121030355\">Asociaci\u00f3n Solidaridad Solar S.O.S.<\/a><\/li><li>Salvar Riqui\u00e1nez.<\/li><li><a href=\"https:\/\/canal4tvtelde.com\/web\/programas-detalle\/?id=55\">\u00abCalentito\u00bb Canal 4 TV Telde<\/a>.<\/li><li><a href=\"https:\/\/www.facebook.com\/coordinadora.medioambiental.canaria\/photos\/a.386795701914383\/635448123715805\/?paipv=0&amp;eav=AfYtbnoVWSLnPEOeWwENuGamXYD6SuPGxZcvDdqbviamf_kDr-Nlvswq5aOcl9AaROs\">Coordinadora Medioambiental Canaria<\/a> (CMC).<\/li><li><a href=\"http:\/\/nopuertogranadilla.blogspot.com\/\">Plataforma contra El Puerto de Granadilla<\/a>.<\/li><li><a href=\"https:\/\/www.facebook.com\/profile.php?id=100071837328897\">La Laguna contra el Gas<\/a>.<\/li><li><a href=\"https:\/\/www.facebook.com\/profile.php?id=100068003831514\">AAVV Tamarco<\/a> (TENERIFE).<\/li><li><a href=\"https:\/\/www.facebook.com\/AsocAmigosdeAnaga\/\">Asociaci\u00f3n Amigos de Anaga<\/a> (TENERIFE).<\/li><li><a href=\"https:\/\/www.extinctionrebellion.es\/\">Rebeli\u00f3n Extinci\u00f3n<\/a>.<\/li><li><a href=\"https:\/\/www.asociaciondomitila.com\/\">Asociaci\u00f3n Domitila Hern\u00e1ndez<\/a>.<\/li><li><a href=\"https:\/\/www.facebook.com\/colectivolaestacion\/\">Colectivo La Estaci\u00f3n<\/a>.<\/li><li>Asociaci\u00f3n Protectora Defensa Animal.<\/li><li><a href=\"https:\/\/www.facebook.com\/RedCanSemillas\/about\/?ref=page_internal\">Red Canaria de Semillas<\/a>.<\/li><li>Plataforma Ciudadana No M\u00e1s Gasolineras en Tegueste.<\/li><li><a href=\"https:\/\/www.facebook.com\/Amigos-en-defensa-de-Ajabo-320747804700505\/\">Amigos en Defensa de Ajabo<\/a>.<\/li><li><a href=\"https:\/\/www.facebook.com\/profile.php?id=100068584841187\">Mares Limpios Canarias<\/a>.<\/li><li><a href=\"https:\/\/www.asociate.es\/canarias\/san-cristobal-de-la-laguna\/asociacion-eco-cultural-ma-pacha-canarias\/\">Asociaci\u00f3n Ecocultural Ma Pacha<\/a>.<\/li><li>Asociaci\u00f3n MAYE &#8211; Movimiento por la Autogesti\u00f3n y Educaci\u00f3n.<\/li><li><a href=\"https:\/\/avacanaria.org\/\">AVA Canaria<\/a>.<\/li><li>Eco Canarias.<\/li><li><a href=\"https:\/\/www.facebook.com\/PreciousPlasticCanarias\/\">Precious Plastic<\/a> <strong>(TENERIFE)<\/strong>.<\/li><li><a href=\"https:\/\/www.facebook.com\/ActivismoAnticolonialFCU\/photos\/a.103066842123066\/145337471229336\/\">Activistas de Resistencia Anticolonial<\/a> (ARA).<\/li><li><a href=\"https:\/\/www.facebook.com\/profile.php?id=100076521547683\">Tanekra<\/a>.<\/li><li><a href=\"https:\/\/www.facebook.com\/tejedorasubversivas\/\">Tejedoras Subversivas de Fuerteventura<\/a>.<\/li><li><a href=\"https:\/\/www.facebook.com\/FLNAC2022\/\">Frente de Liberaci\u00f3n Nacional del Archipi\u00e9lago Canario<\/a>.<\/li><li><a href=\"https:\/\/www.facebook.com\/Org.S.O.S.OCEANOS\/\">S.O.S. Oc\u00e9anos<\/a>.<\/li><li><a href=\"https:\/\/www.facebook.com\/profile.php?id=100060031838633\">Movimiento por la Unidad del Pueblo Canario<\/a>.<\/li><li><a href=\"https:\/\/www.facebook.com\/profile.php?id=100046478508495&amp;paipv=0&amp;eav=AfY55V4DZsYMMrdrZMCS3IXAV8ixBOm9y74MY4pY7A9tNoV3QUALElJqYqG6EEXGXj4\">EDRA &#8211; Origen.<\/a> <\/li><li><a href=\"https:\/\/www.facebook.com\/BioculturaLaForesta\/?paipv=0&amp;eav=AfbvMBsFaTbiDgsm6PYP7ECNiSSizymhB7qw5Y4RDAz02p6arhS_Pc6L4iANciFQT6Y&amp;_rdr\">Asociaci\u00f3n Biocultural La Foresta<\/a>. <\/li><li><a href=\"https:\/\/www.facebook.com\/groups\/979517188791048\/\">Salvemos las Casas Terreras Canarias<\/a>.<\/li><li><a href=\"https:\/\/www.facebook.com\/AulaEnLaNaturalezaLasTirajanas\/\">Asociaci\u00f3n Cultural y Ecologista Imidauen<\/a>.<\/li><li><a href=\"https:\/\/www.facebook.com\/azaeneguenaturalistas\/\">Asociaci\u00f3n Naturalista Azaenegue<\/a>.<\/li><li><a href=\"https:\/\/www.facebook.com\/EqualLGTBI\/\">Asociaci\u00f3n Feminista Equal LGTBI+<\/a>.<\/li><li><a href=\"https:\/\/twitter.com\/PCPC_Canarias?ref_src=twsrc%5Egoogle%7Ctwcamp%5Eserp%7Ctwgr%5Eauthor\">Partido Comunista del Pueblo Canario<\/a>.<\/li><li><a href=\"https:\/\/liberacioncan.com\/27718pzvteaf95c7ovb9a0bb6f\/\">Liberaci\u00f3n<\/a> <strong>(GRAN CANARIA)<\/strong>.<\/li><li><a href=\"https:\/\/www.facebook.com\/watch\/?v=311833980161954\">STOP Vertidos Santa Br\u00edgida<\/a> <strong>(GRAN CANARIA)<\/strong>.<\/li><li>Asociaci\u00f3n Semilla Gumara.<\/li><li><a href=\"https:\/\/www.facebook.com\/profile.php?id=100083267682650&amp;paipv=0&amp;eav=AfbpVhP2Qkj1kqxwWpc7AOJNGBhOFT1__PTwjhIB59kwyz4MLNT9pTRBxSmaZpWvG04\">Asociaci\u00f3n Patrimonial Attidamana<\/a> <strong>(GRAN CANARIA)<\/strong>.<\/li><li>Salvar La Graciosa.<\/li><\/ol>\n","protected":false},"excerpt":{"rendered":"<p>L@S QUE APOYAN LAS ACCIONES Y DISTINTAS MANIFESTACIONES DE LA PLATAFORMA Agonane (FUERTEVENTURA). El Guincho (LANZAROTE). Parents for Future Canarias (CANARIAS).\u00a0 Confederaci\u00f3n de Los Verdes (ESPA\u00d1A). Asociaci\u00f3n de Vecinos de Tauro y Playa de Tauro (GRAN CANARIA).\u00a0 Asociaci\u00f3n Naturista de las Islas Canarias (GRAN CANARIA). Asociaci\u00f3n Cultural Pueblo MAHO (LANZAROTE).\u00a0 El Legado: Cultura y Patrimonio [&hellip;]<\/p>\n","protected":false},"author":3,"featured_media":0,"parent":0,"menu_order":0,"comment_status":"open","ping_status":"closed","template":"","meta":{"footnotes":""},"class_list":["post-155","page","type-page","status-publish","hentry","entry"],"_links":{"self":[{"href":"https:\/\/www.salvarchirasoria.com\/index.php\/wp-json\/wp\/v2\/pages\/155","targetHints":{"allow":["GET"]}}],"collection":[{"href":"https:\/\/www.salvarchirasoria.com\/index.php\/wp-json\/wp\/v2\/pages"}],"about":[{"href":"https:\/\/www.salvarchirasoria.com\/index.php\/wp-json\/wp\/v2\/types\/page"}],"author":[{"embeddable":true,"href":"https:\/\/www.salvarchirasoria.com\/index.php\/wp-json\/wp\/v2\/users\/3"}],"replies":[{"embeddable":true,"href":"https:\/\/www.salvarchirasoria.com\/index.php\/wp-json\/wp\/v2\/comments?post=155"}],"version-history":[{"count":170,"href":"https:\/\/www.salvarchirasoria.com\/index.php\/wp-json\/wp\/v2\/pages\/155\/revisions"}],"predecessor-version":[{"id":1084,"href":"https:\/\/www.salvarchirasoria.com\/index.php\/wp-json\/wp\/v2\/pages\/155\/revisions\/1084"}],"wp:attachment":[{"href":"https:\/\/www.salvarchirasoria.com\/index.php\/wp-json\/wp\/v2\/media?parent=155"}],"curies":[{"name":"wp","href":"https:\/\/api.w.org\/{rel}","templated":true}]}}