{"id":217,"date":"2021-04-27T11:23:16","date_gmt":"2021-04-27T11:23:16","guid":{"rendered":"https:\/\/www.salvarchirasoria.com\/?page_id=217"},"modified":"2021-08-26T00:04:11","modified_gmt":"2021-08-26T00:04:11","slug":"debates","status":"publish","type":"page","link":"https:\/\/www.salvarchirasoria.com\/index.php\/debates\/","title":{"rendered":"DEBATES"},"content":{"rendered":"\n<p class=\"has-normal-font-size\">A continuaci\u00f3n pueden acceder a algunos de los debates, que de manera continua estamos realizando con ciudadanos, expertos en energ\u00eda y otros sectores; analizando las alternativas, explicando el costo medioambiental y social, la carencia de informaci\u00f3n veraz, de di\u00e1logo social entre otras cuestiones.<\/p>\n\n\n\n<div class=\"wp-block-group\"><div class=\"wp-block-group__inner-container is-layout-flow wp-block-group-is-layout-flow\">\n<p class=\"has-normal-font-size\">Seguiremos a\u00f1adiendo y organizando los mismos para que puedas estar bien informado. <\/p>\n\n\n\n<figure class=\"wp-block-embed is-type-video is-provider-youtube wp-block-embed-youtube wp-embed-aspect-4-3 wp-has-aspect-ratio\"><div class=\"wp-block-embed__wrapper\">\n<p class=\"responsive-video-wrap clr\"><iframe title=\"El catedr\u00e1tico Ricardo Guerrero en el CCPC.\" width=\"1200\" height=\"900\" src=\"https:\/\/www.youtube.com\/embed\/cjkvNhSz1-Y?feature=oembed\" frameborder=\"0\" allow=\"accelerometer; autoplay; clipboard-write; encrypted-media; gyroscope; picture-in-picture\" allowfullscreen><\/iframe><\/p>\n<\/div><\/figure>\n\n\n\n<figure class=\"wp-block-embed is-type-video is-provider-youtube wp-block-embed-youtube wp-embed-aspect-4-3 wp-has-aspect-ratio\"><div class=\"wp-block-embed__wrapper\">\n<p class=\"responsive-video-wrap clr\"><iframe title=\"Pedro Hern\u00e1ndez en el CCPC\" width=\"1200\" height=\"900\" src=\"https:\/\/www.youtube.com\/embed\/U5HtvGSm86s?feature=oembed\" frameborder=\"0\" allow=\"accelerometer; autoplay; clipboard-write; encrypted-media; gyroscope; picture-in-picture\" allowfullscreen><\/iframe><\/p>\n<\/div><\/figure>\n\n\n\n<figure class=\"wp-block-embed is-type-video is-provider-youtube wp-block-embed-youtube wp-embed-aspect-4-3 wp-has-aspect-ratio\"><div class=\"wp-block-embed__wrapper\">\n<p class=\"responsive-video-wrap clr\"><iframe title=\"Gorona del Cuento (EL HIERRO)\" width=\"1200\" height=\"900\" src=\"https:\/\/www.youtube.com\/embed\/iopCwkwx2tQ?start=23&#038;feature=oembed\" frameborder=\"0\" allow=\"accelerometer; autoplay; clipboard-write; encrypted-media; gyroscope; picture-in-picture\" allowfullscreen><\/iframe><\/p>\n<\/div><\/figure>\n\n\n\n<figure class=\"wp-block-embed is-type-video is-provider-youtube wp-block-embed-youtube wp-embed-aspect-4-3 wp-has-aspect-ratio\"><div class=\"wp-block-embed__wrapper\">\n<p class=\"responsive-video-wrap clr\"><iframe title=\"Entrevista a Francisco Cabrera (denunciante del caso e\u00f3lico)\" width=\"1200\" height=\"900\" src=\"https:\/\/www.youtube.com\/embed\/340oUCRTbUw?start=25&#038;feature=oembed\" frameborder=\"0\" allow=\"accelerometer; autoplay; clipboard-write; encrypted-media; gyroscope; picture-in-picture\" allowfullscreen><\/iframe><\/p>\n<\/div><\/figure>\n<\/div><\/div>\n\n\n\n<p><\/p>\n\n\n\n<figure class=\"wp-block-embed is-type-video is-provider-youtube wp-block-embed-youtube wp-embed-aspect-4-3 wp-has-aspect-ratio\"><div class=\"wp-block-embed__wrapper\">\n<p class=\"responsive-video-wrap clr\"><iframe title=\"Debate con Luis Bolonio_7_4_2021\" width=\"1200\" height=\"900\" src=\"https:\/\/www.youtube.com\/embed\/lGRXGc_ZaHY?feature=oembed\" frameborder=\"0\" allow=\"accelerometer; autoplay; clipboard-write; encrypted-media; gyroscope; picture-in-picture\" allowfullscreen><\/iframe><\/p>\n<\/div><\/figure>\n\n\n\n<p><\/p>\n\n\n\n<figure class=\"wp-block-embed is-type-video is-provider-youtube wp-block-embed-youtube wp-embed-aspect-4-3 wp-has-aspect-ratio\"><div class=\"wp-block-embed__wrapper\">\n<p class=\"responsive-video-wrap clr\"><iframe title=\"Debate MODELO ENERGETICO.  CHIRA SORIA\" width=\"1200\" height=\"900\" src=\"https:\/\/www.youtube.com\/embed\/HVSdxqtdI1U?start=2&#038;feature=oembed\" frameborder=\"0\" allow=\"accelerometer; autoplay; clipboard-write; encrypted-media; gyroscope; picture-in-picture\" allowfullscreen><\/iframe><\/p>\n<\/div><\/figure>\n\n\n\n<figure class=\"wp-block-embed is-type-video is-provider-youtube wp-block-embed-youtube wp-embed-aspect-16-9 wp-has-aspect-ratio\"><div class=\"wp-block-embed__wrapper\">\n<p class=\"responsive-video-wrap clr\"><iframe title=\"Presentaci\u00f3n plataforma Salvar Chira Soria con v\u00eddeo de Olga Cerpa y Mestisay\" width=\"1200\" height=\"675\" src=\"https:\/\/www.youtube.com\/embed\/dyOL0LlCIAU?start=1200&#038;feature=oembed\" frameborder=\"0\" allow=\"accelerometer; autoplay; clipboard-write; encrypted-media; gyroscope; picture-in-picture\" allowfullscreen><\/iframe><\/p>\n<\/div><\/figure>\n\n\n\n<figure class=\"wp-block-embed is-type-video is-provider-youtube wp-block-embed-youtube wp-embed-aspect-4-3 wp-has-aspect-ratio\"><div class=\"wp-block-embed__wrapper\">\n<p class=\"responsive-video-wrap clr\"><iframe title=\"Salvar Chira Soria debate en la ULPGC\" width=\"1200\" height=\"900\" src=\"https:\/\/www.youtube.com\/embed\/ipeg4v1GGq4?feature=oembed\" frameborder=\"0\" allow=\"accelerometer; autoplay; clipboard-write; encrypted-media; gyroscope; picture-in-picture\" allowfullscreen><\/iframe><\/p>\n<\/div><\/figure>\n","protected":false},"excerpt":{"rendered":"<p>A continuaci\u00f3n pueden acceder a algunos de los debates, que de manera continua estamos realizando con ciudadanos, expertos en energ\u00eda y otros sectores; analizando las alternativas, explicando el costo medioambiental y social, la carencia de informaci\u00f3n veraz, de di\u00e1logo social entre otras cuestiones. Seguiremos a\u00f1adiendo y organizando los mismos para que puedas estar bien informado.<\/p>\n","protected":false},"author":3,"featured_media":0,"parent":0,"menu_order":0,"comment_status":"closed","ping_status":"closed","template":"","meta":{"footnotes":""},"class_list":["post-217","page","type-page","status-publish","hentry","entry"],"_links":{"self":[{"href":"https:\/\/www.salvarchirasoria.com\/index.php\/wp-json\/wp\/v2\/pages\/217","targetHints":{"allow":["GET"]}}],"collection":[{"href":"https:\/\/www.salvarchirasoria.com\/index.php\/wp-json\/wp\/v2\/pages"}],"about":[{"href":"https:\/\/www.salvarchirasoria.com\/index.php\/wp-json\/wp\/v2\/types\/page"}],"author":[{"embeddable":true,"href":"https:\/\/www.salvarchirasoria.com\/index.php\/wp-json\/wp\/v2\/users\/3"}],"replies":[{"embeddable":true,"href":"https:\/\/www.salvarchirasoria.com\/index.php\/wp-json\/wp\/v2\/comments?post=217"}],"version-history":[{"count":14,"href":"https:\/\/www.salvarchirasoria.com\/index.php\/wp-json\/wp\/v2\/pages\/217\/revisions"}],"predecessor-version":[{"id":947,"href":"https:\/\/www.salvarchirasoria.com\/index.php\/wp-json\/wp\/v2\/pages\/217\/revisions\/947"}],"wp:attachment":[{"href":"https:\/\/www.salvarchirasoria.com\/index.php\/wp-json\/wp\/v2\/media?parent=217"}],"curies":[{"name":"wp","href":"https:\/\/api.w.org\/{rel}","templated":true}]}}