{"id":282,"date":"2021-04-29T11:29:52","date_gmt":"2021-04-29T11:29:52","guid":{"rendered":"https:\/\/www.salvarchirasoria.com\/?page_id=282"},"modified":"2021-05-04T18:54:33","modified_gmt":"2021-05-04T18:54:33","slug":"atmosfera","status":"publish","type":"page","link":"https:\/\/www.salvarchirasoria.com\/index.php\/atmosfera\/","title":{"rendered":"2. ATM\u00d3SFERA"},"content":{"rendered":"\n<figure class=\"wp-block-image size-large\"><img decoding=\"async\" width=\"1024\" height=\"696\" src=\"https:\/\/www.salvarchirasoria.com\/wp-content\/uploads\/2021\/04\/CALIDAD-ATMOSFERICA-1024x696.png\" alt=\"\" class=\"wp-image-286\" srcset=\"https:\/\/www.salvarchirasoria.com\/wp-content\/uploads\/2021\/04\/CALIDAD-ATMOSFERICA-1024x696.png 1024w, https:\/\/www.salvarchirasoria.com\/wp-content\/uploads\/2021\/04\/CALIDAD-ATMOSFERICA-300x204.png 300w, https:\/\/www.salvarchirasoria.com\/wp-content\/uploads\/2021\/04\/CALIDAD-ATMOSFERICA-768x522.png 768w, https:\/\/www.salvarchirasoria.com\/wp-content\/uploads\/2021\/04\/CALIDAD-ATMOSFERICA.png 1316w\" sizes=\"(max-width: 1024px) 100vw, 1024px\" \/><\/figure>\n\n\n\n<p class=\"has-black-color has-text-color has-medium-font-size\">NO SE CALCULA LAS EMISIONES NI LA HUELLA ECOL\u00d3GICA DEL PROYECTO<\/p>\n\n\n\n<p class=\"has-black-color has-text-color has-medium-font-size\">Efecto: contribuci\u00f3n al cambio clim\u00e1tico.<\/p>\n\n\n\n<p class=\"has-black-color has-text-color has-medium-font-size\">La contribuci\u00f3n del Proyecto al cambio clim\u00e1tico global se debe a emisiones de gases de efecto invernadero (GEI) que contribuyen al calentamiento global, ya se\u00f1alados en el apartado de emisi\u00f3n de contaminantes atmosf\u00e9ricos, en las distintas fases del ciclo de vida del Proyecto: suministro de materiales, construcci\u00f3n, explotaci\u00f3n y desmantelamiento.&nbsp;<\/p>\n\n\n\n<p class=\"has-black-color has-text-color has-medium-font-size\">Sin embargo, el aspecto m\u00e1s destacado de este Proyecto en lo que a la Huella de CO2 que genera se refiere, es su contribuci\u00f3n a evitar emisiones como consecuencia de la integraci\u00f3n en el sistema de las e energ\u00edas renovables no gestionables, ya que, en caso de no existir este bombeo, ser\u00eda vertida y no aprovechada o se ver\u00eda condicionada su expansi\u00f3n. Durante la fase de construcci\u00f3n, los principales elementos que contribuyen a la emisi\u00f3n de CO2 son la fabricaci\u00f3n de los elementos constructivos del Proyecto: hierro-acero, hormig\u00f3n y mezclas bituminosas, y los equipos que se instalar\u00e1n en el mismo. La contribuci\u00f3n de estos elementos en el balance total del Proyecto, si bien EN ESTA ETAPA DEL MISMO A\u00daN NO PUEDE CONOCERSE CON CIERTA FIABILIDAD, se sit\u00faa en un orden de magnitud similar al ahorro estimado de emisiones en un a\u00f1o durante la fase de funcionamiento.&nbsp;<\/p>\n\n\n\n<p><\/p>\n\n\n\n<p><\/p>\n","protected":false},"excerpt":{"rendered":"<p>NO SE CALCULA LAS EMISIONES NI LA HUELLA ECOL\u00d3GICA DEL PROYECTO Efecto: contribuci\u00f3n al cambio clim\u00e1tico. La contribuci\u00f3n del Proyecto al cambio clim\u00e1tico global se debe a emisiones de gases de efecto invernadero (GEI) que contribuyen al calentamiento global, ya se\u00f1alados en el apartado de emisi\u00f3n de contaminantes atmosf\u00e9ricos, en las distintas fases del ciclo [&hellip;]<\/p>\n","protected":false},"author":3,"featured_media":0,"parent":0,"menu_order":0,"comment_status":"closed","ping_status":"closed","template":"","meta":{"footnotes":""},"class_list":["post-282","page","type-page","status-publish","hentry","entry"],"_links":{"self":[{"href":"https:\/\/www.salvarchirasoria.com\/index.php\/wp-json\/wp\/v2\/pages\/282","targetHints":{"allow":["GET"]}}],"collection":[{"href":"https:\/\/www.salvarchirasoria.com\/index.php\/wp-json\/wp\/v2\/pages"}],"about":[{"href":"https:\/\/www.salvarchirasoria.com\/index.php\/wp-json\/wp\/v2\/types\/page"}],"author":[{"embeddable":true,"href":"https:\/\/www.salvarchirasoria.com\/index.php\/wp-json\/wp\/v2\/users\/3"}],"replies":[{"embeddable":true,"href":"https:\/\/www.salvarchirasoria.com\/index.php\/wp-json\/wp\/v2\/comments?post=282"}],"version-history":[{"count":11,"href":"https:\/\/www.salvarchirasoria.com\/index.php\/wp-json\/wp\/v2\/pages\/282\/revisions"}],"predecessor-version":[{"id":398,"href":"https:\/\/www.salvarchirasoria.com\/index.php\/wp-json\/wp\/v2\/pages\/282\/revisions\/398"}],"wp:attachment":[{"href":"https:\/\/www.salvarchirasoria.com\/index.php\/wp-json\/wp\/v2\/media?parent=282"}],"curies":[{"name":"wp","href":"https:\/\/api.w.org\/{rel}","templated":true}]}}